0).
19
What is the remainder when 160 is divided by (-21)/(-133) - (-44671)/589?
8
Suppose 7*z - 4*z = 21. Let k be (z/(-3))/(5/(60*-4)). Suppose 116 + k = 3*i. What is the remainder when i is divided by 20?
16
Let t(k) = -k**2 - 18*k + 28. Let m be t(-21). Let c = 4 - m. What is the remainder when c is divided by 8?
7
Suppose -4347 = -10*h + 2753. Calculate the remainder when h is divided by 65.
60
Suppose 720 = -2*o + v, -4*o + 10*v - 15*v = 1412. Let k = -325 - o. Calculate the remainder when 49 is divided by k.
16
Let b(w) = -3*w**3 - 17*w**2 + 9*w + 30. Let j be b(-6). Suppose 309 = j*a - 3. Calculate the remainder when a is divided by 10.
6
Let p = 1056 - 681. Suppose 0*r + b - 276 = -3*r, -b = -4*r + p. What is the remainder when r is divided by 6?
3
What is the remainder when (0/(-10)*(-3 + 2))/(-5) + 828 is divided by 13?
9
Let f(d) = -2583*d + 25869. Suppose 4*k + 31 = 3*x, 3*x - 19 = -0*x + k. Calculate the remainder when f(10) is divided by x.
4
Suppose -13651 - 2076 = -29*y + 6574. Calculate the remainder when y is divided by 10.
9
Let f be (-4)/6 - 38/(-57). Let k(z) = z**3 + 11*z**2 + 8*z + 6. What is the remainder when (6/12 - f)/((-3)/(-288)) is divided by k(-10)?
22
Let m(x) = -19*x**3 + 95*x**2 + 12*x - 28. What is the remainder when 279 is divided by m(5)?
23
Let j(y) = y**3 - 8*y**2 - 7*y - 11. Let z be j(9). Suppose -28 = -7*r - z*r. Suppose -r*k = -225 + 59. What is the remainder when k is divided by 43?
40
Suppose 3*y = -3*k, y + 8 = 5*y - 4*k. Suppose 438*a + 2190*a - 2628 = 0. What is the remainder when y is divided by a?
0
Let i be 12/12*-2*44. What is the remainder when 339 is divided by (-5)/(-3) + 6/(-9) - i?
72
What is the remainder when 449 is divided by (-10 + 7 - 12/(-3))*9?
8
Suppose 16*p - 828 = 4*p. Suppose n - 1 = 6. What is the remainder when p is divided by n?
6
Let b(c) = 7*c**2 + 12*c - 38. Let h be b(7). Suppose -139 - h = -8*t. What is the remainder when 191 is divided by t?
59
Suppose -266 = -4*y + l, 10*y + 2*l + 124 = 12*y. Calculate the remainder when y is divided by 44.
24
Let z(d) = d**3 - 7*d**2 - 4*d + 42. Let t be z(7). Calculate the remainder when 107 is divided by (t/(-21))/((-4)/162).
26
Suppose -y = 4*g - 6*g + 216, 5*y = -2*g + 192. Calculate the remainder when g is divided by (-15 - 3)*-1*(-6 - -7).
16
Let p(m) = 695*m + 268323. Let c = -435 - -747. What is the remainder when c is divided by p(-386)?
47
Suppose -13 = m - 2*v, 0 = 5*m - 4*m + 3*v + 18. Suppose o = 0, 0 = -26*d + 23*d + 5*o - 150. Calculate the remainder when 58 is divided by d*(-1 - 6/m).
28
Suppose -15 = 5*y, 4*y + y - 138 = f. Let x = 163 + f. Let n = 4 + 0. What is the remainder when x is divided by n?
2
What is the remainder when 5451 is divided by (-3)/(-6)*(-1248)/(-8)?
69
Let a = -2186 + 2215. Calculate the remainder when 347 is divided by a.
28
What is the remainder when (6/4*70/45)/((-147)/(-20286)) is divided by 82?
76
Let r = 20 - 7. Let k(f) = -2*f**2 + 167*f - 405. What is the remainder when k(80) is divided by r?
12
Let s = -28000 + 30122. Calculate the remainder when s is divided by 85.
82
Let f = 2085 + -1946. Calculate the remainder when f is divided by 75.
64
Let u(k) = -k**2 - 93*k + 501. Suppose 0*p = -2*p + 48. What is the remainder when p is divided by u(5)?
2
Let o = 9443 - 9268. What is the remainder when 9269 is divided by o?
169
Suppose 0 = 4*n - 3*n - 16. Suppose -2*l + 76 = n. Suppose 111 = t - 7. Calculate the remainder when t is divided by l.
28
Let j(m) = 12*m**2 - 16*m - 2. Calculate the remainder when 216 is divided by j(2).
6
Suppose 2*i + 9*a - 1244 = 0, 0 = -54*i + 50*i - 4*a + 2460. Calculate the remainder when i is divided by 71.
45
Suppose 14*x = 15*x + 2. Let v be 0*(-1*(1 + x))/(-1). Suppose v = -2*a - 4*a + 642. Calculate the remainder when a is divided by 27.
26
Let n be (3/2)/((-40)/(-16))*5. Suppose 279 = 3*k + 3*v, n*v - 477 = -5*k + v. What is the remainder when k is divided by 33?
31
Let b(t) = 13*t**2 - 1. Suppose 2*z - 21 = 7. What is the remainder when (-4)/z + 212/7 is divided by b(1)?
6
Suppose 7*j - 5*j = 4*h + 194, 440 = 4*j + 5*h. Suppose -376*b + j = -371*b. Calculate the remainder when b is divided by 14.
7
Suppose 18*g - 6*g - 2112 = 0. Suppose -t + g - 152 = 0. What is the remainder when 70 is divided by t?
22
Let y(n) = -3*n**3 - 2*n**2 + 2*n - 15. Let l be y(3). Let p = l + 117. What is the remainder when 359 is divided by p?
8
Let n(u) = -u**3 - 7*u**2 + 5*u + 19. Let k be n(-10). Let q = k + -182. What is the remainder when q is divided by 8?
7
Let d(n) = -n**3 + 11*n**2 + 14*n + 28. Let i be d(13). Let m = 122 - i. Suppose 19*j = 24*j - m. What is the remainder when j is divided by 26?
24
Suppose 33*k = -38*k - k + 5904. Calculate the remainder when k is divided by 66.
16
Suppose 72*m - 5*w = 70*m + 214, -30 = 5*w. What is the remainder when 193 is divided by m?
9
Suppose 39*c + 42*c + 3*c - 1344 = 0. What is the remainder when 1934 is divided by c?
14
Suppose 1204 = r - 2*m + m, -2*r = m - 2426. Calculate the remainder when r is divided by 403.
1
Suppose 12010*h = 12050*h - 525640. Calculate the remainder when h is divided by 13.
11
Suppose 402*z + 389*z - 38*z - 24849 = 0. Let p = -45 + 83. Calculate the remainder when p is divided by z.
5
Suppose 140*h = 138*h - 5*v + 59, -5*v = 8*h - 191. What is the remainder when 15288 is divided by h?
20
Suppose 414 = -14*w + 17*w. Suppose 0 = 2*d - w + 48. Calculate the remainder when d is divided by (15/(15/(-16)))/(1/(-1)).
13
Let q = -226 + 472. Let h = 339 + -320. Calculate the remainder when q is divided by h.
18
Suppose 40*n - 46*n + 24 = 0. Suppose -21 = 3*y - n*h - 85, 0 = y - 4*h - 16. What is the remainder when 334 is divided by y?
22
Let v be (10/20)/((-1)/(-144)). Let z = -60 + v. What is the remainder when 142 is divided by z?
10
Suppose -8*x - 84 = 13*x. What is the remainder when 258 is divided by 29*(x/7 + 253/161)?
26
Suppose 2*t + 4 = 0, 3*c + 193 = 2*t - 55. What is the remainder when 15 is divided by ((-3)/42*4)/(6/c)?
3
Let v = -5662 + 5722. Calculate the remainder when v is divided by 45.
15
Let z = -35200 - -35302. What is the remainder when z is divided by 16?
6
Let w(z) = -z**2 - 4*z + 133. Let a(s) = -s**3 + 20*s**2 - 22*s + 45. Let h be a(19). What is the remainder when 122 is divided by w(h)?
11
Let i = -32 + 37. Let k = i + 1. Suppose -v + 35 = k. Calculate the remainder when v is divided by 8.
5
Calculate the remainder when 35 is divided by (-10 + (-58)/(-6))*399/(-7).
16
Let o(y) = y**2 - 36*y + 336. Let h be o(26). Let l = -96 - -195. Let n = l - h. Calculate the remainder when n is divided by 15.
8
Let r = -15326 + 15398. What is the remainder when 1075 is divided by r?
67
Let f(o) be the third derivative of 21*o**2 + 5/24*o**4 + 0 + 11/6*o**3 + 7/60*o**5 + 0*o. Calculate the remainder when f(-3) is divided by 31.
28
Suppose -31*m = -36*m + 25. Suppose -5*v + 544 = 3*h, -3*h = 2*v + 155 - 369. Calculate the remainder when v is divided by (-84)/(-2) - (m - 1).
34
What is the remainder when 425824/84 - 32 - (-4)/6 is divided by 18?
16
Let b(q) = q**3 - 18*q**2 - 33*q - 125. Calculate the remainder when 11863 is divided by b(20).
13
Let m be 3*1 + -1 - (-154 - -44). Suppose 2*t + 68 = 2*h, t + m = 21*h - 18*h. Calculate the remainder when 225 is divided by h.
30
Suppose -85 = -10*v + 36 + 199. Calculate the remainder when 441 is divided by v.
25
Let h = 911 - 1291. Let j = 393 + h. What is the remainder when 58 is divided by j?
6
Let x(t) = -t**2 + 2*t + 1. Let s be x(5). Let u(r) = r**2 + 15*r + 27. Let c be u(s). Let f = 61 + c. What is the remainder when f is divided by 15?
14
Suppose 0 = 5*y + 2*w - 5309, 3*y - 2*y + 2*w = 1065. Let p = y + -959. Calculate the remainder when 120 is divided by p.
18
Let q = -1582 + 1752. Calculate the remainder when q is divided by 86.
84
Suppose -13 = -3*h + 11. What is the remainder when h + 250 - -9 - (-4 - 0) is divided by 39?
37
Suppose -2*f - 2*o - 578 = -5*f, -2*o = 3*f - 562. Calculate the remainder when f is divided by 77.
36
Let b(t) = -t**3 - 11*t**2 + 47*t + 93. What is the remainder when 49 is divided by b(-14)?
3
Suppose 1885 = 7*b + 40*b - 6904. Calculate the remainder when b is divided by 43.
15
Let v = 3203 - 3119. What is the 